
Let t be 3 + -2 - (-17 - 6). Let d be 368/6 - (-28)/(-21). Calculate the highest common factor of d and t.
12
Let j = 5 - 0. Let p(n) = 12*n - 3. Suppose 3*s + 15 = 3*f, s + 2*s + 11 = 2*f. Let q be p(f). Calculate the highest common divisor of q and j.
5
Let q be 178 + (11 - (-9 + 16)). Calculate the greatest common divisor of 26 and q.
26
Let o(h) = -h**3 + 21*h**2 - 2*h + 38. Let p be o(0). Calculate the greatest common divisor of p and 2584.
38
Suppose q - 12 - 11 = -3*w, q = 2*w - 7. Suppose 0 = -y + 4*y - 24. What is the greatest common factor of y and w?
2
Let t(u) = -u + 16. Let q = 31 + -24. Let h be t(q). Let c be 2/1 - (-9 - h). Calculate the highest common divisor of c and 40.
20
Let n be -28*(0 + (-18)/21). Let f = n - 26. Let o(d) = -4*d**3 + 2*d**2 + d - 2. Let k be o(f). Calculate the highest common divisor of 9 and k.
9
Let r = 5 + 11. Let y be (r + 3)/((-5)/(-5)). Suppose -132 = -3*s - 18. What is the highest common divisor of s and y?
19
Let f(g) = 2*g**2 - g - 7. Let j be f(5). Let q = -1035 - -1646. Suppose 756 = 5*l - 2*a + 6*a, -4*l + q = -3*a. What is the greatest common divisor of j and l?
38
Suppose 4*g + 5*d + 17 = -15, -g - 4*d - 8 = 0. Let t(a) = -a**3 - 8*a**2 + a + 19. Let l be t(g). Calculate the highest common factor of 209 and l.
11
Let m = 21 + -21. Suppose j + y - 8 = m, j - 2*j + 4 = 5*y. What is the highest common factor of 36 and j?
9
Let y(z) = 5*z**2 - 141*z + 35. Let g be y(28). Suppose 8*k - 3*k - 420 = 0. What is the highest common divisor of k and g?
7
Suppose -n = 2*t - 27, 5*t - 2*n - 58 = 14. What is the greatest common divisor of 203 and t?
7
Suppose 0 = 4*k + 46 - 122. Let s be (846/3)/2*-1. Let t = s + 236. What is the highest common divisor of k and t?
19
Let j(o) = o**2 - 40*o + 153. Let q be j(36). What is the highest common factor of q and 9?
9
Suppose 0 = -5*a + 102 - 27. What is the greatest common divisor of a and 75?
15
Let o be ((-9)/(-6))/((-2)/(-36)). Let g = 9031 + -8815. Calculate the highest common divisor of o and g.
27
Let q = 70 - 67. Suppose -2*n + 190 = -2*r - 342, 1362 = 5*n + q*r. What is the highest common divisor of 30 and n?
30
Let i be 90/1 - (8 - 9). Suppose 7*p = i + 224. Calculate the highest common factor of p and 9.
9
Suppose -181 = -5*g - 51. Suppose g = 2*b - 10. Let u be (3 - 4)/((-1)/162). Calculate the greatest common divisor of u and b.
18
Let w(s) = 10 + 88*s - 71*s + 4*s**2 - 5*s**2. Let p be w(16). What is the highest common factor of 312 and p?
26
Let m = 4233 - 4170. Let d be 2/(-4) - 121/(-2). Suppose -3*f = -3 - d. Calculate the highest common factor of m and f.
21
Suppose 4*p - 2*r - 104 = 0, 6*r - 60 = -2*p + 5*r. Calculate the greatest common factor of p and 21.
7
Let q = -47 + 20. Let f be (0 + q)*(1 - 2). What is the greatest common divisor of f and 18?
9
Let m = -306 - -523. Suppose -5*h = -100 - 55. What is the highest common divisor of h and m?
31
Let g be (6/(-8) - -4)/((-1)/(-12)). Calculate the greatest common factor of 6 and g.
3
Suppose 16 = j + 5*t, 3*j - 142 = 3*t - 22. Let c = 70 - j. Suppose -4*s + 68 = 2*z, -4*z - 34 = 3*s - 5*s. What is the greatest common factor of s and c?
17
Let f be (-4)/(-3) + -2 + (-119)/(-21). Let q be f + (0 - 3) + 0. What is the greatest common divisor of q and 12?
2
Let r be (-1827)/(-2) + 21/(-14). Suppose -5*y - 68 + r = n, -512 = -3*y - 2*n. What is the highest common factor of y and 21?
21
Let z(k) be the first derivative of 167/3*k**3 + 0*k + 1/2*k**2 - 1. Let c be z(1). What is the greatest common factor of 21 and c?
21
Let m be -125*(148/(-70) - 32/112). What is the highest common factor of m and 60?
60
Suppose -4466 = -16*h + 5310. Calculate the greatest common divisor of h and 13.
13
Let q = -597 - -616. Calculate the highest common factor of q and 760.
19
Let u be (-2)/(-6) - 23445/(-135). What is the greatest common divisor of 58 and u?
58
Suppose b - 1294 = 5*l, -b - 6590 = -6*b + l. Suppose 5*r = -469 + b. Calculate the highest common factor of 34 and r.
34
Let r(w) = 2*w**3 - 21*w**2 - 13*w + 36. Let n be r(11). Suppose 7*m = 4*m + 336. What is the greatest common divisor of m and n?
14
Suppose 4*k + 3*f = 4*f - 22, 3*f - 6 = 0. Let d be k*1 - (-22 + 8). What is the greatest common divisor of 3 and d?
3
Let v be (-394)/(-8) + -1*6/(-8). Calculate the greatest common divisor of 10 and v.
10
Let z = 63 - 60. Let k = 115 - z. Suppose -v - 28 = -3*v. Calculate the highest common factor of k and v.
14
Let x(g) = -g**3 - 22*g**2 - 23*g + 5. Let w be x(-21). Calculate the highest common divisor of 376 and w.
47
Let a(j) = j**3 - 9*j**2 + j + 12. Let b be a(0). Calculate the highest common divisor of b and 372.
12
Suppose 174 = 5*a - 5*i - 166, -5*a + i = -320. Calculate the greatest common factor of a and 336.
21
Let t(c) = 5*c**2 - 11*c - 7. Let s be t(6). Suppose 69 = 11*h - s. What is the greatest common divisor of h and 4?
4
Let d(i) = -i**3 - 46*i**2 - 46*i + 8. Let k be d(-45). Calculate the highest common factor of k and 424.
53
Let d be (-6 + 0)*-3*(-6)/(-36). Let k be 13 + ((-3)/d - -4). Calculate the greatest common divisor of k and 12.
4
Let a(j) = 16*j + 242. Let l be a(-13). Calculate the highest common divisor of l and 782.
34
Let d(i) = -i - 6. Let v be d(5). Let a = v + 19. What is the greatest common divisor of 72 and a?
8
Let i be (-78)/195*(-10)/4. What is the highest common divisor of 25 and i?
1
Suppose 3*t - 8 = t. Let l(v) = -4*v - 6. Let z be l(-3). Let f = 10 + z. Calculate the highest common factor of f and t.
4
Suppose -382 = -8*d + 2. Calculate the highest common divisor of d and 552.
24
Suppose -104 = -406*m + 405*m. Calculate the highest common divisor of m and 312.
104
Let p(t) = -5*t**2 + 8*t**2 - t + 3 - 2*t**2. Let a be p(0). What is the greatest common factor of 3 and a?
3
Let t = 5 + -3. Suppose 0*h = 2*h + 28. Let n = h + 30. Calculate the greatest common divisor of t and n.
2
Suppose 9*t - 2492 = 1801. What is the highest common factor of t and 9?
9
Let h = -32 + 31. Let g(j) = -31*j - 3. Let d be g(h). What is the highest common factor of d and 252?
28
Suppose 3*q = 3*x + 2*x + 229, -5*x = q - 63. Calculate the greatest common factor of 365 and q.
73
Let a be (-83 + 74)*(-34 - -1). What is the greatest common divisor of 363 and a?
33
Let g be (122/(-8))/((-2)/40). Let c be 32/400*765 - 2/10. What is the highest common factor of c and g?
61
Let r = 71 - 50. Let x = -19 + r. Suppose c = 19 - x. What is the highest common factor of c and 51?
17
Suppose 5*o - s = s + 35, o - 7 = 4*s. Let a(q) = 4*q**2 - 3*q - 1. Suppose 5 - 15 = 5*i. Let d be a(i). Calculate the greatest common factor of d and o.
7
Let t be (48 + -6)*(-2 - -4). Let z = 6 - -8. What is the highest common factor of z and t?
14
Suppose -200 = 2*x - 4*x. Suppose 100 = 5*p - 100. What is the greatest common factor of p and x?
20
Let d = 737 + -733. What is the greatest common factor of d and 304?
4
Let a be 20/11 + (-6)/(-33). Let m(o) = 40*o + 10. Let b be m(a). What is the greatest common divisor of b and 30?
30
Suppose -2*h + 1376 = x + 4*x, 0 = -3*h - 3*x + 2064. What is the highest common divisor of h and 129?
43
Suppose 214 + 542 = 7*k. What is the highest common divisor of k and 27?
27
Let a be 8 + 88/(-33)*-33. Calculate the greatest common divisor of 16 and a.
16
Let u be ((-7)/(-42))/((-3)/(-45))*6. Let d be 0 - -19 - 1*-1. Suppose q + q = d. Calculate the highest common divisor of u and q.
5
Let m(b) be the first derivative of 7*b**3/3 - b**2 - 6*b + 11. Let h be m(-3). Calculate the highest common divisor of 14 and h.
7
Let o be -4 - (-5)/(25/35). Suppose -4*x + g + 41 = 0, 4*g + 55 = 5*x + 2*g. What is the greatest common divisor of o and x?
3
Let k be -3 - (5 - (7 + 4)). Let u be 3/1 - 0*3/k. Calculate the greatest common divisor of 27 and u.
3
Let h = -11 - -117. Suppose -h = -9*p + 7*p. What is the greatest common factor of 583 and p?
53
Let w(q) = -2*q + 51. Let b be w(18). What is the greatest common factor of 140 and b?
5
Suppose g - 102 = -2*g. Let w(i) = -i**3 - 19*i**2 - 18*i + 17. Let q be (-4)/(32/(-18) + 2). Let p be w(q). Calculate the highest common divisor of g and p.
17
Suppose 2*t - 12 = -t. Suppose 4 = t*o - 12. Calculate the highest common factor of o and 4.
4
Suppo